me factors of t?
11
Let u = 533 - 380. List the prime factors of u.
3, 17
Let p be (-4)/12 + (-2)/(-6). Suppose p = 3*d - 5*o + 11, -d + 2*o - 8 = -3. List the prime factors of d.
3
Let s(n) = 2*n**2 + 3. Let b be 6 - (-2 + (-10)/(-2)). Let u = 6 - b. What are the prime factors of s(u)?
3, 7
Let l(d) = 6*d**2 + 4*d - 3. Let g be l(3). Let z = g - 35. What are the prime factors of z?
2, 7
Let p be ((-24)/(-15) + -2)*-10. Suppose 2*t + 2*t + p*r = 72, 3*r = t - 30. List the prime factors of t.
3, 7
Let t = 60 + -29. Suppose -5*u + 7*u - 8 = 0. Suppose 17 + t = u*s. What are the prime factors of s?
2, 3
Suppose -3*b + 165 = -2*b - 3*h, -4*b = h - 660. List the prime factors of b.
3, 5, 11
Let g(d) = -9*d + 1. Suppose -7 = 4*j + 5. What are the prime factors of g(j)?
2, 7
Let s be 20/(-70) + 44/7. Suppose -b - q - 70 = -s*b, 42 = 3*b + q. List the prime factors of b.
2, 7
Let h(d) = -d**3 + 4*d**2 - 2*d + 2. Let u = 4 + -2. Let b be h(u). What are the prime factors of ((-6)/4)/(b/(-52))?
13
Let t(y) = y**3 - y**2 + y + 2. Let s be t(0). Suppose 3*k + 15 = -s*k. What are the prime factors of (-36)/(-2) + k*1?
3, 5
Suppose -o = -8 - 14. What are the prime factors of o?
2, 11
List the prime factors of ((-2)/5)/(12/(-1200)).
2, 5
Suppose -q - 4*g = -18, -g - 69 = -5*q - 0*g. Suppose 0 = 2*d - 10 - q. List the prime factors of d.
2, 3
Let o be (-30)/4 + (-7)/14. List the prime factors of -2*(1 - (-20)/o).
3
Let t(x) = 2*x**3 - 6 + 0*x**3 + 4*x - 5*x**2 - 3*x**3. Let d be t(-6). Suppose j + 2*m - d = 0, -m + 18 = 3*j + 2*m. List the prime factors of j.
2, 3
Suppose 4*b + 6 = -14, -s = -5*b - 18. Let t(k) = -k**2 - 10*k - 10. List the prime factors of t(s).
11
Suppose -6*g = -10*g + 168. List the prime factors of g.
2, 3, 7
Suppose -2*v - 3 = b + v, -3*b - v = 1. Let f(g) = 0 + 5*g**2 + b + g**3 - 1 + 4*g. What are the prime factors of f(-3)?
5
Suppose -i + 29 = -0*i. Suppose -i = -4*v + 43. What are the prime factors of v?
2, 3
Suppose -o + 6 = -m - 0, o = -2*m - 27. Let q = m - -15. What are the prime factors of (-6)/q*20/(-3)?
2, 5
Let i(a) = a**2 + a - 7. What are the prime factors of i(-5)?
13
Suppose -k + 4*f = -17, 2*k - 3*f = 4*k - 1. Suppose -k*z + 9 = -11. Suppose 20 = z*x + x. What are the prime factors of x?
2
Let k be 4 + (1 - -2) + -4. Suppose k*b - 10 - 30 = -n, -n + 43 = 4*b. List the prime factors of n.
31
Suppose -50 = 2*f - 168. List the prime factors of f.
59
Let i(k) = -k - 3. Let y be i(7). Let j be (-7)/(-5) - (-4)/y. Let a = 1 + j. What are the prime factors of a?
2
Suppose -4*h + 2*l + 17 = 3*l, 5*h - 10 = l. Suppose -3*i - 2*b = 13, 2*i - 2*b = 7 + 1. List the prime factors of h + -2 - 7*i.
2
Suppose 3*x + 1479 - 225 = 0. What are the prime factors of x/(-18) + 6/(-27)?
23
Let z = 8 + -6. Suppose 3*x = z*x. Suppose 2*c - 4*c + d + 21 = 0, x = -2*c - 4*d + 26. List the prime factors of c.
11
Let n(w) = -126*w**3 + 2*w**2 - 1. List the prime factors of n(-1).
127
Let x(l) = -2*l - 6. Let p(n) = -n - 2. Let c(i) = -14*p(i) + 5*x(i). Let t be c(-7). Let v = 50 + t. What are the prime factors of v?
2, 5
Let u = 2 - 0. Suppose -3*i + 27 = -3*p + 5*p, 2*p + u*i - 24 = 0. Suppose -p = -5*b + 4*b. List the prime factors of b.
3
Suppose 2*r - k = -4, 0 = 2*r - 7*r + 3*k - 12. Suppose -4*i + 29 = 3*v, r = -4*i + i - 5*v + 30. List the prime factors of i.
5
Suppose 4*y - 4*j = 40 + 120, 0 = 2*j. Suppose 0*h - 76 = 3*z - h, -2*z = h + 59. Let n = z + y. List the prime factors of n.
13
Let m = -173 + 338. What are the prime factors of m?
3, 5, 11
Let f(r) = 2*r**3 - 7*r - 8. Let n(b) = b**3 - 3*b - 4. Let a(o) = -2*f(o) + 5*n(o). List the prime factors of a(3).
2, 5
Let q be 98*-1*(1 + -2). Suppose 4*c - q - 14 = 0. List the prime factors of c.
2, 7
Suppose -3*u = -c - 4 - 0, -2*c + 5*u - 7 = 0. List the prime factors of 21/6*(5 - c).
3, 7
List the prime factors of (-709)/(-7) - (20/(-28) - -1).
101
Let o = 115 - -40. Suppose 4*p + m - 84 = 41, 0 = -5*p - m + o. What are the prime factors of p?
2, 3, 5
Let m(o) = -o**2 - 9*o + 2. Suppose -2*p - 4 = 14. What are the prime factors of m(p)?
2
Let h(m) = m**3 + 9*m**2 + 3*m - 6. List the prime factors of h(-8).
2, 17
Let d(x) = -3 + x**2 - 3*x - 3*x + 4*x. Let u be d(5). Suppose -k + u = -4. List the prime factors of k.
2
Let t be -1 + (-3)/(3/17). Let w = t - -27. List the prime factors of w.
3
Let z = -3 + 18. Suppose p + 0*p + 5*n - z = 0, p - 5*n = 45. What are the prime factors of p?
2, 3, 5
Let d(c) = 18*c - 12. Let g be d(8). Let s = -90 + g. Suppose 2*k - 5*k = -s. List the prime factors of k.
2, 7
Suppose 62 = -i + 199. List the prime factors of i.
137
Let q be 65 - 3*(0 - 1). Let o be (-4)/10 - q/5. What are the prime factors of (-6)/21 - 158/o?
11
Let y(j) = 8*j - 5. List the prime factors of y(4).
3
Let x be -2*((0 - -1) + 66). Let n = x - -77. What are the prime factors of (0 + 2/(-6))*n?
19
Suppose -g - 4*v = -24, -45 = -5*g + 6*v - v. List the prime factors of ((-54)/g)/((-2)/4).
3
Suppose 1 = -q - 0*q. Let w(u) = -2*u + 1. List the prime factors of w(q).
3
Let l(h) = h**2 - 2*h - 1. Let w(q) = q + 5. Let x be w(-7). List the prime factors of l(x).
7
Suppose -4*p + 32 = v, 0*p - p - 5*v + 27 = 0. Let c = p - 11. Let t = c - -12. List the prime factors of t.
2
Suppose -3*c + m = -8*c + 386, -m - 4 = 0. Suppose 5*f - c = 4*o, 47 = 2*f - o + 14. What are the prime factors of f?
2, 3
Suppose 5*j - 11 - 15 = -c, j = -5*c + 34. What are the prime factors of c?
2, 3
Let h(l) = -3*l - 4. List the prime factors of h(-9).
23
Suppose 0*o - 4*o = 0. Suppose -85 = -2*m + g, 2*m + o*g + g = 83. Let u = m + -29. What are the prime factors of u?
13
Suppose 4*n - 53 = -3*p, 5*p - 4*n - 13 = 2*p. List the prime factors of p.
11
Let v(n) = n + 3. Let r be v(-2). Suppose -2*y = -r - 17. List the prime factors of y.
3
Let y(g) = -27*g - 10. Let p be y(-4). Suppose 117 + p = 5*h. List the prime factors of h.
43
Let z(w) = -w**2 + 6*w - 7. What are the prime factors of z(3)?
2
What are the prime factors of 9/(45/10)*(-466)/(-4)?
233
Let j(o) = o**3 + 1. Let u be j(2). Let l be (6/8)/(12/80). Let r = u - l. What are the prime factors of r?
2
Let l = -8 + 11. Suppose 0 = h - w - 2, l*w - 22 = -2*h - 3. Suppose -5*o + 4*i + 40 = 0, 40 = h*o + i + 3*i. What are the prime factors of o?
2
Let j(v) = -v**2 + 2. Let r be j(0). Suppose 5*k + 3 = -r*x - x, 9 = -3*k. List the prime factors of x.
2
Let w(y) = 11*y**2 - 32*y + 22. Let x(k) = -4*k**2 + 11*k - 7. Let m(l) = 3*w(l) + 8*x(l). What are the prime factors of m(9)?
19
Let g = 51 - 25. Suppose g = 3*d - 94. What are the prime factors of d?
2, 5
Suppose -4*q - 110 = -9*q. Let n = -13 + q. List the prime factors of n.
3
Let y be (-3)/(4/((-12)/3)). Suppose r - 2*w = 22, y*r + 4*w - 76 = r. What are the prime factors of r?
2, 3, 5
Suppose -o = i, 4*i + 1 = -5*o - 4. Let h = i + -1. List the prime factors of h.
2
Suppose -17 - 12 = -i. What are the prime factors of i?
29
Let n(m) = 13*m - 6. Let s(j) = 168*j - 77. Let y(b) = 77*n(b) - 6*s(b). List the prime factors of y(-2).
2, 7
Suppose 5*t - 888 = -3*k, -4*k + 6*k = -4*t + 712. List the prime factors of t.
2, 3, 5
Let d(y) = 5*y - 10. What are the prime factors of d(5)?
3, 5
Let y(j) = 13*j - 3. Let b be y(-3). List the prime factors of (-1 - -4) + b/(-3).
17
Let p = -416 + 604. What are the prime factors of p?
2, 47
Let l = -10 - -23. List the prime factors of l.
13
Let b(d) = 6*d**2 - d + 11. What are the prime factors of b(5)?
2, 3, 13
Let n = -115 - -61. Let c = n - -87. List the prime factors of c.
3, 11
Let f = -136 - -192. Suppose 5 = 3*k - 7. Suppose -k*g - f = -8*g. What are the prime factors of g?
2, 7
Suppose -2205 = -2*k - 13*k. List the prime factors of k.
3, 7
What are the prime factors of (-291)/(-6) + 1/2?
7
Let n be 6/(-2)*(-4)/6. Suppose 10 = -n*x + 32. List the prime factors of x.
11
Let n = -13 - -48. Suppose -n = -2*c + 3. What are the prime factors of c?
19
Suppose 4*g - 5*p - 250 = 0, -2*g - 4*p = -4 - 134. List the prime factors of g.
5, 13
Let c(n) = -n**2 + n - 19. Let o(x) = x**2 + 8*x + 7. Let l be o(-7). Let q be c(l). Let v = 35 + q. List the prime factors of v.
2
Let n(h) = -h**2 + 4*h - 1. Let x be n(3). Let j(q) = 8*q**2 + 1 + 0*q**2 + q**x - 2*q. What are the prime factors